s the remainder when 520435 is divided by 13344?
19
Calculate the remainder when 10086 is divided by 252.
6
Calculate the remainder when 1269 is divided by 210.
9
What is the remainder when 881 is divided by 26?
23
Calculate the remainder when 12971 is divided by 4.
3
Calculate the remainder when 365338 is divided by 36533.
8
Calculate the remainder when 5725 is divided by 356.
29
What is the remainder when 5895 is divided by 502?
373
Calculate the remainder when 5222 is divided by 375.
347
Calculate the remainder when 3698 is divided by 3687.
11
What is the remainder when 321646 is divided by 426?
16
What is the remainder when 37833 is divided by 4727?
17
Calculate the remainder when 2060 is divided by 150.
110
Calculate the remainder when 46283 is divided by 374.
281
What is the remainder when 466003 is divided by 22?
21
Calculate the remainder when 11826 is divided by 40.
26
Calculate the remainder when 1468 is divided by 126.
82
Calculate the remainder when 9206 is divided by 9206.
0
Calculate the remainder when 21250 is divided by 207.
136
What is the remainder when 71924 is divided by 72?
68
Calculate the remainder when 5440 is divided by 35.
15
Calculate the remainder when 8771 is divided by 2905.
56
Calculate the remainder when 91687 is divided by 283.
278
What is the remainder when 5207974 is divided by 486?
484
What is the remainder when 11151 is divided by 338?
335
What is the remainder when 26262 is divided by 2017?
41
What is the remainder when 8804 is divided by 2900?
104
Calculate the remainder when 7545 is divided by 331.
263
What is the remainder when 29679 is divided by 67?
65
Calculate the remainder when 62108 is divided by 545.
523
Calculate the remainder when 10894 is divided by 492.
70
What is the remainder when 5107 is divided by 567?
4
Calculate the remainder when 30705 is divided by 10.
5
Calculate the remainder when 510 is divided by 110.
70
Calculate the remainder when 2811 is divided by 162.
57
Calculate the remainder when 92781 is divided by 1289.
1262
Calculate the remainder when 4413 is divided by 133.
24
What is the remainder when 31520 is divided by 1500?
20
What is the remainder when 3712 is divided by 62?
54
What is the remainder when 1769 is divided by 434?
33
Calculate the remainder when 628 is divided by 108.
88
What is the remainder when 4907 is divided by 1086?
563
What is the remainder when 855 is divided by 825?
30
Calculate the remainder when 11198 is divided by 2796.
14
Calculate the remainder when 8619 is divided by 1229.
16
Calculate the remainder when 108512 is divided by 2010.
1982
Calculate the remainder when 4983 is divided by 1127.
475
What is the remainder when 1381 is divided by 1331?
50
Calculate the remainder when 5159 is divided by 1287.
11
What is the remainder when 13989 is divided by 19?
5
What is the remainder when 70833 is divided by 97?
23
Calculate the remainder when 6188 is divided by 71.
11
What is the remainder when 3163 is divided by 5?
3
Calculate the remainder when 25633 is divided by 47.
18
Calculate the remainder when 52245 is divided by 77.
39
Calculate the remainder when 18637 is divided by 311.
288
Calculate the remainder when 94116 is divided by 94111.
5
What is the remainder when 10462 is divided by 142?
96
Calculate the remainder when 8552 is divided by 59.
56
What is the remainder when 2776973 is divided by 69?
68
What is the remainder when 82222 is divided by 144?
142
What is the remainder when 71943 is divided by 68?
67
Calculate the remainder when 6421 is divided by 85.
46
Calculate the remainder when 160625 is divided by 22.
3
Calculate the remainder when 3161 is divided by 1541.
79
What is the remainder when 564116 is divided by 15?
11
What is the remainder when 1871 is divided by 266?
9
Calculate the remainder when 1656 is divided by 192.
120
Calculate the remainder when 40050 is divided by 188.
6
What is the remainder when 2957 is divided by 304?
221
What is the remainder when 88084 is divided by 52?
48
What is the remainder when 900631 is divided by 1093?
1092
What is the remainder when 482088 is divided by 104?
48
What is the remainder when 67395 is divided by 22465?
0
What is the remainder when 28347 is divided by 113?
97
Calculate the remainder when 8021 is divided by 234.
65
What is the remainder when 336 is divided by 328?
8
What is the remainder when 7155 is divided by 14?
1
Calculate the remainder when 40754 is divided by 8.
2
Calculate the remainder when 6111474 is divided by 1383.
1380
What is the remainder when 23776 is divided by 3396?
4
Calculate the remainder when 111989 is divided by 1217.
25
Calculate the remainder when 26444 is divided by 8782.
98
What is the remainder when 4097 is divided by 5?
2
What is the remainder when 87205 is divided by 24?
13
What is the remainder when 2575 is divided by 216?
199
What is the remainder when 897 is divided by 300?
297
What is the remainder when 20905 is divided by 99?
16
What is the remainder when 771 is divided by 593?
178
Calculate the remainder when 6420 is divided by 306.
300
Calculate the remainder when 300741 is divided by 336.
21
What is the remainder when 2895 is divided by 326?
287
Calculate the remainder when 6301 is divided by 2093.
22
Calculate the remainder when 19917 is divided by 178.
159
What is the remainder when 2322244 is divided by 1161121?
2
What is the remainder when 33272 is divided by 62?
40
What is the remainder when 3801 is divided by 10?
1
What is the remainder when 12281 is divided by 63?
59
What is the remainder when 11588 is divided by 5?
3
Calculate the remainder when 51005 is divided by 102.
5
What is the remainder when 7103 is divided by 50?
3
What is the remainder when 10898 is divided by 2662?
250
What is the remainder when 56172 is divided by 2808?
12
Calculate the remainder when 4226 is divided by 106.
92
Calculate the remainder when 43822 is divided by 471.
19
Calculate the remainder when 2683 is divided by 268.
3
Calculate the remainder when 21688 is divided by 5420.
8
Calculate the remainder when 1022 is divided by 97.
52
Calculate the remainder when 287963 is divided by 342.
341
What is the remainder when 148607 is divided by 129?
128
What is the remainder when 557 is divided by 187?
183
What is the remainder when 1517 is divided by 674?
169
What is the remainder when 4070 is divided by 874?
574
Calculate the remainder when 603 is divided by 601.
2
Calculate the remainder when 105781 is divided by 6.
1
What is the remainder when 8222 is divided by 14?
4
Calculate the remainder when 966 is divided by 233.
34
What is the remainder when 11125 is divided by 159?
154
Calculate the remainder when 258471 is divided by 979.
15
Calculate the remainder when 11049 is divided by 11041.
8
What is the remainder when 10374 is divided by 5131?
112
Calculate the remainder when 1504775 is divided by 338.
337
Calculate the remainder when 48808 is divided by 80.
8
What is the remainder when 590781 is divided by 13?
9
Calculate the remainder when 3757 is divided by 77.
61
What is the remainder when 4297 is divided by 121?
62
What is the remainder when 2917 is divided by 1452?
13
Calculate the remainder when 7539 is divided by 1834.
203
Calculate the remainder when 238 is divided by 224.
14
Calculate the remainder when 19275 is divided by 2409.
3
Calculate the remainder when 2157 is divided by 295.
92
What is the remainder when 516235 is divided by 6976?
11
Calculate the remainder when 33367 is divided by 470.
467
Calculate the remainder when 11964 is divided by 272.
268
What is the remainder when 10327 is divided by 326?
221
Calculate the remainder when 650 is divided by 59.
1
Calculate the remainder when 86559 is divided by 14426.
3
What is the remainder when 7882 is divided by 19?
16
Calculate the remainder when 2455 is divided by 200.
55
What is the remainder when 96194 is divided by 104?
98
Calculate the remainder when 4699706 is divided by 19.
18
Calculate the remainder when 425846 is divided by 51.
47
What is the remainder when 1032089 is divided by 26?
19
Calculate the remainder when 4658 is divided by 202.
12
What is the remainder when 2428 is divided by 126?
34
Calculate the remainder when 23794 is divided by 7925.
19
Calculate the remainder when 5063 is divided by 203.
